
Calculate (-9 - -8 - 8 - -17) + -4 + 21 + 11.
36
Evaluate -26 + 37 + -45 - -18.
-16
Calculate 54 + -26 - (-24 + -9 + 18 + 30).
13
(1 + (0 - 0) - (3 - -6)) + (1389 - 1436)
-55
Calculate -8 - (-7 + 13 + -13 + 8) - -12.
3
What is the value of (-72 - (7 + -39)) + -52 + 28?
-64
-1 - (51 - (8 + 2)) - (-9 + 9 - -2)
-44
What is the value of 2 + -1 - (-209 - -318 - 213)?
105
Evaluate (6 - (12 - 19)) + (-8 - -2).
7
What is the value of 0 + 41 - (32 + -102 + 28 + 35)?
48
Evaluate 46 + -3 - (328 + -289).
4
-15 - (-257 - -244 - (3 - (5 + -1)))
-3
-39 + 0 - (1925 + -1939)
-25
Calculate (48 - (-27 + 71)) + 9 + 0 + -10.
3
What is the value of 0 - -9 - ((54 - (-130 + 155)) + -1 + -1)?
-18
6 + (12 - -29) + (2 - 9 - 3) - -7
44
What is (-41 + 28 - 24) + 12?
-25
-95 + 102 - (0 + -67 + 4)
70
What is (951 - 952) + 1 + 21?
21
What is the value of 42 - 1 - (-59 - (-114 - -35))?
21
(-15 - (18 + 3 + -7 - 17)) + 0 + -6
-18
What is the value of -112 + (1 - (-2 - 0)) + -3125 + 3123?
-111
What is the value of -692 + 690 - (-4 + 27)?
-25
What is -99 + 20 + 10 - (-41 + 16)?
-44
1 + 7 - 4 - 19 - (-94 - -123)
-44
Evaluate (54 - (-4 + 9)) + 178 + -183.
44
13 - (42 - (-7 + 67))
31
What is 8 - (-16 - (22 + -94) - (-11 + 13))?
-46
Evaluate -49 - 109 - (-471 + 166).
147
What is 21 + -15 + (54 - 17)?
43
What is 0 + 0 - -4 - ((5 - -59) + 7 + -21)?
-46
-13 - (33 + -8 - (-38 - -74))
-2
74 + -77 + (49 - 105)
-59
What is 1635 + -1609 + 5 + -4 + -60?
-33
What is (1 - -6) + (0 + 0 - (-38 - (-47 - -1)))?
-1
What is (9 - 46) + (-16 - (-49 - -20))?
-24
Evaluate -92 + 78 + 8 + (-5 - -15 - -7).
11
Calculate 8 - 22 - (19 - -5 - -26).
-64
Evaluate -39 + (14 - 5 - -11) + 1.
-18
Evaluate (-58 - (9 + -5)) + (0 + -5 - (-36 + 24)).
-55
(89 - 22) + -41 - (48 - -4)
-26
Evaluate (4 + 2 - (10 - 25 - -11)) + 18.
28
Calculate 35 + -135 + 44 + (1 - 1) + 10.
-46
What is the value of 1 - (-1 + 4) - (-11 - -9) - -32?
32
What is the value of (9 - (5 - -4)) + -31 - (17 - 7)?
-41
-4 - ((-30 - -42) + 17)
-33
15 + 109 - (-447 - -479)
92
Evaluate 70 - (-25 + 98 + -42 - 40).
79
What is the value of -2 + (-89 - 3) + 75 + 13 + 1 + -3?
-8
What is the value of 20 - (-45 - (-13 + -67))?
-15
Calculate -96 + (5 + 3 - (5 + 2)) + -19.
-114
What is the value of 56 + (-24 - -19) + 1?
52
Evaluate 3 + (43 - (8 - 0)).
38
6 - -36 - -2 - -5 - (8 + 0 - -1)
40
(-14 - -4) + -4 + 26 + 35
47
What is the value of (-4 - -2) + (-9 - (7 - 26)) + 358 + -294?
72
What is (-1 - 44) + -10736 + 10790?
9
Calculate -924 - -927 - ((10 - 3) + -4 - 1).
1
Evaluate -38 + (-14 - -39) + 10.
-3
What is the value of 54 + (-17 - -34) + -11 + 17?
77
(332 - 128) + -169 + (-16 - -1)
20
Calculate (-3 + 40 + -30 - (-7 + 2)) + -24.
-12
What is the value of (12 - -2) + 6 + -19 - (-13 - -16)?
-2
-86 + (33 + -24 - (0 + -1 + 10 - 0))
-86
11 + -1 + (-56 - (9 - -12)) + 9
-58
What is the value of 33 + -35 + 30 + -2 + 7?
33
What is -97 - (-126 + -2) - (13 - 1)?
19
Calculate 164 + -160 + 150 - 172.
-18
What is -44 + 7 + -25 + 95?
33
Evaluate -16 - (-7 - (-7 - (-6 - 5))) - (31 + -4).
-32
What is the value of -19 - (87 - 112 - (-25 - -4))?
-15
-12 - (-4 + -33 - -53) - (3 + -1 - 3)
-27
Calculate 142 - 1 - (-9272 - -9451).
-38
Calculate 16 - (-168 + 217 + 1 + -2).
-32
What is 0 + -54 + 0 + (-36 - -49) - -11?
-30
Calculate (-1 + 1 - 11) + -1 + 0 + 2347 + -2337.
-2
Calculate -7 + -18 + 60 + 6 - -12.
53
What is the value of (21 - (27 + -11)) + 17 - (1 - -3)?
18
What is the value of -11 - (-62 - 23 - 15 - 30)?
119
Calculate -1 + 1 + (-81 - -90 - (0 - -1)) + 39.
47
-13 - (-191 + 32) - 0
146
Calculate 181 + -145 - (-3 - -30).
9
Calculate -4 + -49 + 107 + -7.
47
What is (0 + 1 - (16 + -27)) + -15 + 19?
16
Evaluate (3 - 1 - 2 - -42) + -713 + 722 - -6.
57
Evaluate (-30 - (-10 - -21)) + (1 - 4).
-44
Evaluate 38 - (52 + -25 + 49).
-38
What is 0 + 62 - -10 - (-19 + 35 + -24)?
80
26 - -85 - 15 - 67
29
17 + (-85 + 5 - -134)
71
Evaluate -31 - 6 - -19 - (-50 + 3).
29
What is -199 + -64 + (174 - 14)?
-103
-5 - (4 - (17 + 2 + (-16 - -6) + -120))
-120
Evaluate 1 + 3 + (18 + 19 - (-21 + 55)).
7
Evaluate (-89 - -2 - (3 - -3)) + -270 + 268.
-95
29 + 159 - 25 - 114
49
What is -93 + (-68 - -67 - (-16 + (-5 - -16)))?
-89
Evaluate 36 + (-6 - 29) - (1 - -3 - (-2 - -16)).
11
Evaluate (62 - 24) + -65 - (28 + -157).
102
Calculate 63 + (85 - 78) + -8 + 8 + 12.
82
What is the value of 25 + (-1 + 37 - 46)?
15
-78 - (-216 - (166 + -301))
3
What is the value of (-876 - -847) + -4 + -1 + 3 + -2?
-33
Calculate -36 - (-71 - (-46 - 58)).
-69
Evaluate (3 - 5) + 4 + (-1 + 0 - -3) + -3.
1
What is the value of -4 - -6 - -8 - (26 + 8 + 1)?
-25
Evaluate (1 - (9 + -1)) + (3 - 2) + -25 + 55.
24
Evaluate -10 + 46 - 6 - 90.
-60
Evaluate -39 - (-30 + 35 + 55 + 22).
-121
What is the value of 0 + 8 - (3 + -3 + 7 + -5) - 50?
-44
-29 - (-6 + 7 + 17 - 103)
56
What is 60 + (-50 - (6 - -24))?
-20
Calculate (-5 - (79 + 89)) + 89.
-84
What is the value of 137 - (28 + 71 + 21)?
17
Evaluate (1 - -52) + (-12 - (-5 + 13 + -4) - -11).
48
What is the value of 77 + (-32 - -41 - 17 - 22)?
47
What is -8 - -9 - 3 - (0 + 13 + -19)?
4
What is 3 + -7 + -9 - (7 - (-1 - 65) - 6)?
-80
50 - ((-9 + 20 - 22 - (-3 + -20)) + -2)
40
-5 + -97 + 38 + 28
-36
What is 0 + (5 - 9) + (87 - 90) + 4 + -133?
-136
Calculate (1340 - 1221) + (-60 - -6).
65
What is -58 - (4 - (21 - -2) - (100 + -107))?
-46
What is the value of 60 + 2 - (-29 - (38 + -89))?
40
-23 - 4 - -2 - (-2 + (5 + -16 - -15))
-27
What is -34 + 0 + 43 + -2 + 38?
45
-5 + 6 + 34 + -32 + -39
-36
What is 87 + (-80 - (33 - 60))?
34
Evaluate (137 - 123) + (89 - 9) + 20.
114
What is (-31 - -40) + (-2 + (64 - 8) - 6) + 5?
62
What is the value of 15 + -10 - -6 - (-166 + 238)?
-61
-1 + 5 + 6 + (6 - (36 - (18 + -1)))
-3
Evaluate 2 + (0 - -11) + (-52 - 29) + 82.
14
What is 47 - (68 - (-42 - -118))?
55
What is the value of -35 - (-10 - 0 - ((10 - 27 - -27) + -21))?
-36
Calculate (-93 + -44 - -93) + 81.
37
What is the value of -11 + -5 + 4 + 0 + (4 - -7)?
-1
What is the value of -9 + (1 + -1 - -4) + (-9 + 13 - 9)?
-10
Evaluate 100 - (6 + -8 - (-35 - -32)) - (15 + -4).
88
(-2 - (7 + 11 + (-19 - (6 + -15)))) + 60
50
Evaluate (-58 + 119 - 17) + 10.
54
Evaluate -77 + (-35 - (-4 - 12) - -16).
-80
Evaluate 55 + 36 + (-78 - -40) - 22.
31
What is (117 - 13 - 97) + 0 + -43?
-36
What is -12 + ((2 - -1) + 9 - 14) + 17?
3
(-6 - -24) + (-435 - -455)
38
Calculate -1 + -66 - (-133 + -21 + 131).
-44
Calculate (5 + 2 - (198 + -195)) + -76 - (-12 - 1).
-59
Evaluate 46 - 47 - (-11 - -29).
-19
What is the value of 114 + (-93 - 10) + 51?
62
29 - (-14 - -36) - -38
45
What is the value of 8 + (8 - 13) + 2 + 0 + (383 - 463)?
-75
What is -33 + -13 + 55 - (4 + 2 + -2 - -4)?
1
What is 4539 + -4556 + (0 + -1 - (10 - 66))?
38
Evaluate (3 - -2 - 17) + (22 - 3) + -64.
-57
What is the value of 10 + -10 - (10 - (16 - 8) - -17)?
-19
-16 - 0 - (-2 + 0 - (-8 + 13))
-9
Evaluate -72 + (5 - (-13 - -20)) + 31.
-43
Calculate 22 + (0 - -2 - 50).
-26
What is 20 + (-11 - (-35 - -14))?
30
Calculate 165 - (-55 - (-126 + -13)).
81
Calculate 55 + -28 + 59 + -145.
-59
-264 + 266 - (0 + -15 - (-7 - -6))
16
Calculate (-9 - (-8 + 17) - -13) + (6 - -2) - -14.
17
Evaluate 1 + 75 + 13 + -3 + -10 + 6.
82
What is the value of (53 - 44) + (-44 - 1 - (-15 + 18) - -3)?
-36
What is -2 + -3 + 10 - (338 - 348)?
15
What is (140 - 168) + (-9 - -15) + 8?
-14
144 + -2 - (48 + (-81 - -52)) - (2 + 2)
119
What is -86 + (-75 + 191 - 70)?
-40
-1319 + 1375 + -84 + 2
-26
What is the value of -12 + ((22 - 9) + -34 - (-113 - 1))?
81
What is 2 + (-4 - (1 + 1)) + (-2 - -3) + -45?
-48
What is the value of 6 + -9 + 6 - (2 + -4)?
5
What is the value of -2 + ((-31 - -19) + 16 - 3)?
-1
Evaluate -48 + (15 - -4) + -3 - (11 - 0).
-43
Evaluate (-25 - -12) + 4 + -34 + 4 + -3.
-42
Evaluate -47 + (96 - (-54 - -27 - -66)).
10
-74 + (16 - (24 + -17)) + 1
-64
(-10 - 40 - (105 - 95)) + (2 - (0 + 1))
-59
Calculate (-4 - -4) + -30 - (467 - 469).
-28
Calculate (-2 + 12 - 3) + (26 - 36 - -18 - -29).
44
Calculate -141 - (77 + -240 + 49).
-27
-5 + 2 + (-134 - -151)
14
9 - -8 - 3 - (76 - (17 - -1))
-44
Calculate (27 - -34) + -130 - -38.
-31
Evaluate 129 + 102 + -216 + (-18 - 1) - -44.
40
(-89 - (-95 + 13)) + -8
-15
Evaluate 177 - 195 - (-1 - 5).
-12
(-476 - -149 - -315) + (2 + 4 + -2 - 1)
-9
Evaluate -79 - -184